g) = -41*g**2 - 248*g - 1272. Calculate p(-5).
-1057
Let j(a) = -12*a**3 - 613*a**2 - 48*a + 183. What is j(-51)?
30
Let d(t) = -t**3 - 22*t**2 - 100*t - 739. What is d(-19)?
78
Let o(v) = -1019*v**2 - 300*v + 730. Determine o(-1).
11
Let p(b) = -130*b - 100045. What is p(-769)?
-75
Let c(r) = -35542*r + 177701. What is c(5)?
-9
Let u(c) = -5*c**3 + 60*c**2 - 81*c + 364. Determine u(11).
78
Let n(k) = 26*k**3 - 4154*k**2 - 967*k + 1120. What is n(160)?
0
Let t(n) = -52*n**2 - 701*n - 290. What is t(-13)?
35
Let q(f) = -64*f**3 - 4*f**2 - 4*f + 8. Give q(3).
-1768
Let q(f) = -93764*f - 2344141. Give q(-25).
-41
Let t(l) = -2393*l - 29553. Calculate t(-12).
-837
Let v(b) = -b**2 + 101*b - 1105. Give v(10).
-195
Let b(x) = -23816*x + 95211. Determine b(4).
-53
Let k(y) = 844*y + 6207. Give k(-7).
299
Let i(o) = -o**3 - 632*o**2 - 89041*o - 428. Determine i(-420).
-8
Let f(k) = 13861*k - 914887. What is f(66)?
-61
Let l(o) = -1090*o + 8721. Determine l(10).
-2179
Let l(j) = 30*j**2 + 31*j + 687. Calculate l(0).
687
Let n(g) = -2*g**2 + 16280*g + 97663. Calculate n(-6).
-89
Let w(g) = -3558*g - 270391. Give w(-76).
17
Let k(w) = 232*w**2 - 692*w - 8. What is k(3)?
4
Let w(v) = v**3 - 10*v**2 + 1141*v + 3541. Determine w(-3).
1
Let n(s) = 32*s - 155. Give n(-35).
-1275
Let j(f) = -23*f**2 - 25*f + 52. Give j(4).
-416
Let s(j) = 3*j**2 - 1593*j - 8072. Give s(-5).
-32
Let a(m) = -897*m - 438627. What is a(-489)?
6
Let h(g) = -19481*g - 273658. What is h(-14)?
-924
Let o(p) = -p**3 - 2*p**2 + 1380*p + 6883. Give o(-5).
58
Let h(s) = -1921*s + 557100. What is h(290)?
10
Let z(k) = 8*k**3 - 65*k**2 - 69*k + 8. What is z(9)?
-46
Let z(u) = -3*u**3 - 189*u**2 - 869*u - 110. Calculate z(-58).
-168
Let d(j) = -413*j + 51177. Give d(124).
-35
Let a(o) = -2689*o - 5431. Give a(-2).
-53
Let w(g) = -9251*g + 73997. Determine w(8).
-11
Let r(y) = y**3 + 7*y**2 + 10888*y - 65807. Determine r(6).
-11
Let w(i) = i**2 + 30506*i - 91519. Give w(3).
8
Let c(a) = -a**2 + 732*a - 57769. Give c(642).
11
Let c(g) = g**3 + 5*g**2 + 6*g + 65. What is c(-5)?
35
Let v(a) = 864*a**3 - 83*a**2 + 99*a - 14. Determine v(1).
866
Let c(y) = 1546*y + 83279. Determine c(-54).
-205
Let i(x) = 111*x**2 + 125*x - 255. Determine i(2).
439
Let w(i) = 21*i**3 - 568*i**2 + 57*i + 22. Give w(27).
832
Let x(j) = 925*j - 8379. What is x(9)?
-54
Let d(b) = -b**2 + 97491*b + 12. Determine d(0).
12
Let k(l) = -2*l**3 - 269*l**2 + 2154*l + 120. Determine k(8).
-888
Let j(k) = -k**2 - 49*k + 593. Calculate j(-66).
-529
Let h(n) = -451*n**2 + 119974*n - 2134. What is h(266)?
-6
Let g(z) = -4*z**3 - 131*z**2 + 1159*z - 41. Give g(-40).
-1
Let p(w) = -14*w**3 - 4925*w**2 + 1052*w - 1365. Calculate p(-352).
43
Let s(c) = 62998*c + 1826948. What is s(-29)?
6
Let h(r) = -8858*r + 53096. What is h(6)?
-52
Let a(p) = -41*p**2 - 1161*p + 2328. What is a(2)?
-158
Let a(w) = 850*w - 491. Determine a(1).
359
Let r(g) = -g**3 - 7*g**2 - 220*g + 974. Determine r(4).
-82
Let x(m) = -132*m - 1362. What is x(-20)?
1278
Let r(i) = 2*i**3 + 93*i**2 + 215*i + 17285. Determine r(-48).
53
Let y(l) = 54*l**2 + 437*l + 606. What is y(-9)?
1047
Let t(q) = 141*q + 6470. What is t(-44)?
266
Let g(q) = 21288*q - 255492. Give g(12).
-36
Let a(z) = -z**2 - 166*z - 5106. Give a(-125).
19
Let g(y) = 15*y**2 - 131*y + 66. Give g(8).
-22
Let d(b) = 82*b**3 + 8*b**2 - 19*b. What is d(3)?
2229
Let p(h) = 21654*h + 194886. Calculate p(-9).
0
Let c(r) = -27*r**2 - 5097*r + 26183. What is c(5)?
23
Let h(x) = -3*x**3 + 463*x**2 - 36*x - 18176. What is h(154)?
-4
Let k(a) = -a**2 + 117639*a + 1058830. What is k(-9)?
-2
Let c(q) = -154*q - 65198. Give c(-424).
98
Let k(u) = -165*u**2 - 996*u + 6. What is k(-6)?
42
Let v(x) = 242*x**2 + 10614*x - 1498. Give v(-44).
-2
Let o(b) = 40413*b - 323328. Calculate o(8).
-24
Let d(s) = 31*s**2 - 2590*s - 1151. What is d(84)?
25
Let z(p) = 1426043*p + 12834419. What is z(-9)?
32
Let f(p) = -p**3 - 43*p**2 - 111*p + 3. Determine f(0).
3
Let u(p) = 774*p - 216070. Calculate u(279).
-124
Let k(u) = 3*u**3 + 10*u**2 + 23*u - 141. Calculate k(7).
1539
Let h(w) = 13*w**2 + 2*w - 179. Give h(-8).
637
Let i(v) = -v**3 + 7*v**2 + 391*v - 4068. Determine i(13).
1
Let q(t) = 52*t**3 - 7*t**2 + 34*t - 25. Determine q(1).
54
Let j(s) = -32*s**2 - 157*s + 835. Give j(5).
-750
Let l(j) = 23076*j - 2330649. Give l(101).
27
Let p(s) = s**3 + 176*s**2 - 921*s - 68543. What is p(-179)?
193
Let h(c) = c**3 - 3*c**2 + 255*c - 1642. Calculate h(6).
-4
Let f(k) = 182516*k - 2190228. Determine f(12).
-36
Let d(c) = c**2 + 128*c + 3307. Give d(-36).
-5
Let a(t) = -2296*t + 57773. Determine a(25).
373
Let n(l) = 7*l**2 - 1552*l + 7337. Give n(217).
176
Let q(w) = 3*w**2 + 174*w - 5125. Give q(-75).
-1300
Let z(v) = 2*v**2 - 191*v - 196. What is z(97)?
95
Let h(u) = 6*u**3 - 4*u**2 - 551*u - 2724. What is h(-5)?
-819
Let a(x) = x**2 - 462*x + 3620. Determine a(8).
-12
Let d(q) = -584*q - 4201. What is d(-7)?
-113
Let u(k) = -2893*k + 43198. Give u(15).
-197
Let c(m) = m**3 - 18*m**2 + 76*m - 151. Determine c(13).
-8
Let y(d) = 10663*d - 330565. Give y(31).
-12
Let c(m) = -2*m**2 - 3*m + 1461. What is c(43)?
-2366
Let l(n) = 12441*n - 6. Give l(0).
-6
Let n(j) = -19*j**3 - 84*j**2 - j + 91. Calculate n(-4).
-33
Let g(w) = 5*w**3 + 304*w**2 + 3872*w + 363. What is g(-18)?
3
Let o(k) = 5*k**3 + 108*k**2 - 376*k - 7348. Calculate o(-22).
-44
Let c(h) = 522598*h - 2090391. What is c(4)?
1
Let n(t) = 1364*t + 4121. What is n(-3)?
29
Let v(d) = -5998*d**2 + 77955*d + 252. Give v(13).
5
Let j(n) = -2*n**2 - 330*n + 4600. What is j(-178)?
-28
Let h(k) = 29*k + 885. What is h(-35)?
-130
Let f(u) = 460*u + 3067. Give f(-7).
-153
Let y(j) = -j**2 + 535*j + 42425. Calculate y(605).
75
Let c(k) = k**2 + 271*k - 36515. Determine c(-370).
115
Let q(x) = 7*x**2 + 14095*x + 70447. What is q(-5)?
147
Let t(u) = 203*u**2 - 267*u + 59. Give t(1).
-5
Let j(g) = g**3 - 1346*g**2 - 41270*g - 13757. Calculate j(1376).
3
Let p(i) = -i**2 + 27*i + 5202. Give p(-60).
-18
Let q(k) = -k**3 - 4*k**2 + 165*k + 215. Calculate q(-14).
-135
Let w(y) = 2*y**3 + 107*y**2 + 528*y - 51. What is w(-48)?
-51
Let p(k) = -803*k**2 + 11151*k + 1273. Give p(14).
-1
Let n(l) = 65*l**2 + 701*l - 34. Determine n(-11).
120
Let o(f) = -2*f**3 - 17*f**2 + 29*f + 349. Determine o(-11).
635
Let s(l) = 4741*l - 165900. Calculate s(35).
35
Let a(k) = -4*k**3 + 1161*k**2 - 1430*k - 4340. Determine a(289).
-5
Let a(b) = -1712*b - 734433. Calculate a(-429).
15
Let t(f) = -14124*f + 56716. What is t(4)?
220
Let b(y) = 12*y**2 - 196*y - 58. Determine b(17).
78
Let w(i) = -306*i**2 - 3053*i + 79. Give w(-10).
9
Let n(u) = -2880*u - 711360. Calculate n(-247).
0
Let s(w) = -w**2 - 52139*w + 260718. What is s(5)?
-2
Let p(a) = 191*a + 1805. Calculate p(-9).
86
Let n(a) = 6817*a - 13594. Calculate n(2).
40
Let w(l) = -43*l**2 + 32358*l + 15807. Calculate w(753).
-6
Let w(s) = 27993*s + 559821. Calculate w(-20).
-39
Let a(y) = y**2 + 8358*y + 66834. What is a(-8)?
34
Let b(k) = -2597*k - 88294. Calculate b(-34).
4
Let t(u) = -3574*u + 10282. Give t(4).
-4014
Let q(z) = 2*z**3 - 163*z**2 - 253*z - 378. Calculate q(83).
-710
Let n(c) = 2*c**2 - 325*c + 12219. What is n(65)?
-456
Let o(b) = -b**2 - 2*b + 1094. Calculate o(0).
1094
Let m(q) = -6693*q - 7382381. Give m(-1103).
-2
Let x(w) = 4*w**3 - 7*w**2 - 253*w - 98. Determine x(-8).
-570
Let y(o) = -o**3 - 690*o**2 + 6296*o - 47. What is y(9)?
-2
Let r(o) = 78*o + 6069. Calculate r(-83).
-405
Let o(k) = -7*k**2 + 1190*k + 185. Determine o(174).
-4687
Let o(p) = p**2 - 15856*p - 285739. Give o(-18).
-7
Let m(l) = -5*l**2 + 3279*l - 5829. Determine m(654).
57
Let h(j) = 2*j**3 + 18*j**2 - 1857*j - 13204. Calculate h(-7).
-9
Let r(s) = 2*s**2 + 10*s - 1394. What is r(-28)?
-106
Let n(b) = 3804*b + 1418859. Calculate n(-373).
-33
Let c(n) = 2*n**3 - 452*n**2 + 24172*n + 1298. What is c(87)?
80
Let h(s) = -19472*s - 136288. What is h(-7)?
16
Let x(s) = -2449*s + 117578. Calculate x(48).
26
Let n(d) = 55373*d + 332269. Determine n(-6).
31
Let b(r) = r**2 + 30533*r - 305438. Calculate b(10).
-8
Let u(s) = 2*s**2 - 32*s - 1149. Give u(-17).
-27
Let g(i) = i**3 + 285*i**2 - 582*i - 2300. What is g(-287)?
-4
Let u(r) = 63959*r + 63965. What is u(-